 k + 198 = 3*k - 3*n. What is the units digit of k?
3
Let s be (2/(-8) - 1) + 1/4. What is the units digit of s/(9/28 + 4/(-7))?
4
Let m = -12 - -8. Let w be 820/28 + m/14. Suppose 0 = -4*s + 3*p + 126, s + 5 = -3*p + w. What is the tens digit of s?
3
Let q(v) = 1187*v**2 - 13*v - 22. What is the tens digit of q(-2)?
5
Suppose -2*s - 3*r + 3448 = 0, 4*r = 5*s - 8*s + 5174. What is the tens digit of s?
3
Let k(q) = -2*q**3 + 4*q**2 + 4*q. Let c be k(-5). What is the units digit of (((-56)/6)/(-2))/(20/c)?
7
Suppose -5*t - 605 = -3*o, -3*o + 292 + 311 = -3*t. Suppose 7*s - 2 = 6*s. Suppose -o = -s*k - 3*k. What is the units digit of k?
0
Suppose 3*y - 43 = 5*b, -3*b + 2*y + 14 = -5*b. What is the tens digit of (-3 - 139)*4/b?
7
Suppose 8173 = 7*v - 8739. What is the tens digit of v?
1
Suppose 5*a - 10 = -0. Suppose -3*k - a*k + y + 10 = 0, -5*k - 2*y = -10. Suppose -7*w = -k*w - 355. What is the tens digit of w?
7
Let j(n) = 2*n**2 + 22*n + 74. What is the thousands digit of j(-29)?
1
Let p(t) be the first derivative of t**2 + 2 - 2*t - 2 + 1. What is the units digit of p(9)?
6
Let h = 8754 - 5655. What is the hundreds digit of h?
0
Let d(w) be the third derivative of w**4/4 + w**3/6 + 2*w**2. Let a be d(-2). Let f = a + 49. What is the tens digit of f?
3
Let t(a) = -a**3 + 14*a**2 - 14*a - 29. Let z be t(12). Let d = z + -12. What is the units digit of d?
9
Let z(j) = 14*j + 388. What is the hundreds digit of z(7)?
4
Suppose 3528 = 17*j + 11*j. What is the hundreds digit of j?
1
Let o(w) = -w**2. Let n be o(0). Suppose 5*x = -3*u + 252, 52 = x - n*u + u. What is the tens digit of x?
4
Suppose 0 = 2*g - 0*g - 12. Let v be 88/g*6/4. What is the tens digit of 3/((-60)/v + 3)?
1
Let s(w) = 37*w**2 + 45*w + 9. What is the hundreds digit of s(-9)?
6
Let v = -56 + 56. Suppose 0 = -j + 5, v*j - 184 = -2*h - 4*j. What is the tens digit of h?
8
Let w = 54 - 52. What is the hundreds digit of (-3 + 117 - w) + -4?
1
Suppose -x = 4*j - 21, -3*x + 18 = 3*j - 9. Suppose 0 = j*b - 8 - 16. What is the tens digit of (-415)/(-15) - 4/b?
2
What is the tens digit of 2/(26/39) + 1615*1?
1
Let b(c) = 4*c - 4. Let k be b(4). Suppose 0 = 2*f - 4 - 0, 4*y - k = 2*f. Suppose y*s - 5*w - 83 = 0, 3 = 2*w + w. What is the tens digit of s?
2
Suppose 5*o = -4*d + 35, 5*d + 4*o - 27 = 2*d. Suppose -391 = -4*j + d*q, -4*j + 0*q = 5*q - 441. What is the units digit of j?
4
What is the units digit of 36 - 0*4/20?
6
Let m(p) = 53*p + 1. Let y(d) = -d. Let g(t) = -m(t) - 5*y(t). Let f be g(-2). Let l = f - 42. What is the units digit of l?
3
Let g(y) = 6*y**2 - 4*y + 3. Let a be g(2). Suppose -a + 28 = 3*k. What is the tens digit of k/4*6*4?
1
Let c = 32 - 91. Let k = 21 - 38. Let m = k - c. What is the tens digit of m?
4
What is the hundreds digit of (45/(-6))/5*(-2288)/6?
5
Let d(i) = 3*i**2 + 52*i - 118. What is the thousands digit of d(24)?
2
Suppose 0 = -9*u - 114 + 1131. Suppose 8 = -4*n, 4*n + u = 5*x - 105. What is the units digit of x?
2
Suppose 146*c - 1445 = 141*c. What is the units digit of c?
9
Let d be (0 - 4/(-10))/((-1)/(-10)). Suppose -p - 5*j = p - 174, j - 348 = -d*p. What is the tens digit of p?
8
Let p = -565 + 1022. What is the tens digit of p?
5
Suppose 36 = 4*u - 5*a, -a - 66 = -5*u - 0*a. Suppose -4*h = u - 2. Let s(f) = f**2 - 2. What is the units digit of s(h)?
7
Suppose -145 = -3*a + 1847. What is the hundreds digit of a?
6
Let y(z) = 4*z**3 + 6*z**2 - 9*z + 20. What is the tens digit of y(4)?
3
Suppose 2*i + 5*n = 2159 + 1491, 0 = i + 2*n - 1824. What is the units digit of i?
0
Let b be -1 + (-3 - -2)/(-1) + 6. Suppose -956 = -b*f - 212. What is the units digit of f?
4
Let b(d) = -3*d - 38. Let m be b(-20). What is the hundreds digit of (m/(-4) - -2)*(-2 + -40)?
1
Let f = -36 + 38. Suppose -f*r + r = -35. What is the units digit of r?
5
Suppose -z = 3*z + 5*r - 2841, 4*r = 20. What is the units digit of z?
4
What is the thousands digit of (-2 + -4)*(-118622)/444?
1
Let p be 2 - 9 - -4*1. Let h be 18/8 - p/(-12). Suppose h*s - 53 = -0*s - o, -5*s + 5*o = -110. What is the tens digit of s?
2
Let p be (-10)/(1/(3*1/3)). Let b(d) = -16*d + 1. What is the tens digit of b(p)?
6
Suppose -5*t + 2342 + 3 = 0. What is the units digit of t?
9
Suppose -628 = -7*g + 457. What is the hundreds digit of g?
1
Let p(t) = 2*t**3 + 23*t**2 - 12*t - 9. Let s be p(-12). Let v = 418 + -646. What is the units digit of v/8*12/s?
8
Let q(d) = 2*d**2 - 5*d - 8. Suppose -18 = -2*g + 4*h, 6*g - 5*h - 45 = g. Let s be (g/2)/(21/28). What is the tens digit of q(s)?
3
Let q(p) = 15 + 7*p - 10 - 14. What is the tens digit of q(3)?
1
Let w(t) = -t**2 + 7*t - 10. Let h be w(5). Suppose h = -79*a + 84*a - 500. What is the units digit of a?
0
Suppose -5*f + 4 = -6. Suppose f*b - 64 = 2*n + 82, n = -2*b - 88. What is the tens digit of (1*-2)/(12/n)?
1
What is the thousands digit of -1*((-13563)/9 - -3)?
1
Let a(n) = 9*n - 7. What is the units digit of a(1)?
2
Let u be (-18)/(-27)*21*-7. Let g = u + 156. What is the tens digit of g?
5
Suppose 5*w - 906 + 296 = 0. Let t = w - 28. What is the units digit of t?
4
Let q = -145 + 147. Suppose 4*i = q*i + 386. What is the hundreds digit of i?
1
Let v(s) be the third derivative of 17*s**4/24 + 7*s**3 - 11*s**2 - 1. What is the hundreds digit of v(12)?
2
Let k(o) = -12*o**3 + 7*o**2 - 46. What is the tens digit of k(-6)?
9
Let r be 1*(2 + -2)/(-2). Suppose -4*b + 8*b - 108 = r. What is the units digit of b?
7
Let o be -2 + 5 + -1 + 3. Suppose o - 6 = -f. What is the units digit of f?
1
Let v = 10 + -6. Suppose v*u = -i + 277, -5*u + 514 = 2*i + 170. What is the units digit of u/15*(5 + -2)?
4
Let p(x) = 11*x**2 + 3*x + 2. Suppose 55*t - 59*t = 8. What is the tens digit of p(t)?
4
Let p(j) = 306*j - 386. What is the hundreds digit of p(7)?
7
Suppose t - 6*t - m = -41, -23 = -3*t + m. Suppose -t*q + 815 = -977. What is the hundreds digit of q?
2
Suppose -11*f + 28597 - 7378 = 0. What is the thousands digit of f?
1
Suppose 15*n - 8*n = 1526. What is the hundreds digit of n?
2
Let y(p) = -5 + 3*p + p - 3*p. Let i be y(6). What is the tens digit of 65/13*(6 - i)?
2
Let v be ((-59)/5)/(24/(-120)). Let i = 5 + v. What is the units digit of i?
4
Let a(p) = p**3 + 12*p**2 + p + 15. Let b be a(-12). Suppose -5*v + 19 = -0*s + b*s, -v + 2*s - 4 = 0. What is the units digit of v?
2
Suppose -10 = 3*v - 16. What is the hundreds digit of 1/v - 4179/(-42)?
1
Suppose -5*d = -5*p - 30, -4*d + 18 + 5 = -5*p. Suppose d = -5*t + 92. Suppose 55 = 2*g - t. What is the tens digit of g?
3
Let x(n) = 7*n - 10*n - 3*n - 4. What is the units digit of x(-11)?
2
Suppose -5*h = -1702 - 6713. What is the hundreds digit of h?
6
Let j(f) = -431*f**3 + 4*f**2 - 2. What is the hundreds digit of j(-1)?
4
Suppose 875 = 4*i + 3*u, 3*i - u + 655 = 6*i. What is the tens digit of i?
1
Let i(u) = -u**3 + 8*u**2 + 7*u - 26. Let s(o) = 4*o - 16. Let v be s(6). What is the tens digit of i(v)?
3
Let u(q) = 4*q**2 + 3*q + 6. Let l be u(-5). Suppose -289 + l = -3*d. What is the units digit of d?
6
Let p(v) = v**3 + 11*v**2 - 7*v - 14. Let d be p(-11). Suppose 5*a - 5*l = 100, 5*a - d = 4*l + 37. What is the units digit of a?
0
Let m be 720/21 - (-18)/(-63). Let r = -35 + m. What is the units digit of (r - 0)/(-1) - -6?
7
What is the tens digit of (-1)/7 + (-72990)/(-105)?
9
Let h = 6742 - 2374. Suppose 10*q = -4*q + h. What is the hundreds digit of q?
3
Let a(w) = 14*w**3 + 11*w**2 + 39*w - 228. What is the units digit of a(5)?
2
Let x = 33 + -26. Let c = x - -7. What is the tens digit of c?
1
Let l be (3/(-6))/(2/12). Suppose 0*b - 7*b = 70. What is the units digit of (-615)/b*(-2)/l?
1
Let k(o) = 81*o**2 + 63*o - 3. What is the tens digit of k(-7)?
2
Let l be (-8 - -5) + 26/(-2). Let x = l - -15. What is the tens digit of ((-20)/12)/(x/12)?
2
Let p(z) = -2*z**2 + 6*z**2 + 15 - z - 17. Let l be (-1 - 2)/(-3) + 3. What is the units digit of p(l)?
8
Suppose 0 = 5*h - 2*h. Suppose 2*c + 2*c + m - 397 = h, -2*m + 304 = 3*c. What is the units digit of c?
8
Suppose -2*v - 46 = -2*a, 2*v + 57 = -v - a. Let n(m) = -6*m - 49. What is the tens digit of n(v)?
7
Suppose i = -3*t + 111, 10*i - 11*i + 111 = -4*t. What is the tens digit of i?
1
What is the hundreds digit of 5/(52/(-53) + 5 + -4)?
2
Suppose 